 factors of 9552.
2, 3, 199
What are the prime factors of 8305?
5, 11, 151
List the prime factors of 3168.
2, 3, 11
List the prime factors of 12200.
2, 5, 61
List the prime factors of 2966.
2, 1483
What are the prime factors of 518?
2, 7, 37
List the prime factors of 33814.
2, 11, 29, 53
List the prime factors of 4778.
2, 2389
List the prime factors of 3279.
3, 1093
List the prime factors of 31816.
2, 41, 97
What are the prime factors of 1856?
2, 29
List the prime factors of 117112.
2, 14639
What are the prime factors of 4927?
13, 379
List the prime factors of 881.
881
What are the prime factors of 2527?
7, 19
What are the prime factors of 5222?
2, 7, 373
List the prime factors of 684.
2, 3, 19
List the prime factors of 888.
2, 3, 37
List the prime factors of 3658.
2, 31, 59
What are the prime factors of 347?
347
What are the prime factors of 1787?
1787
List the prime factors of 4078.
2, 2039
List the prime factors of 8269.
8269
List the prime factors of 48004.
2, 11, 1091
List the prime factors of 118106.
2, 59053
List the prime factors of 9240.
2, 3, 5, 7, 11
List the prime factors of 470.
2, 5, 47
What are the prime factors of 62?
2, 31
What are the prime factors of 23278?
2, 103, 113
What are the prime factors of 8284?
2, 19, 109
List the prime factors of 2023.
7, 17
What are the prime factors of 99677?
263, 379
What are the prime factors of 104171?
73, 1427
List the prime factors of 1198.
2, 599
List the prime factors of 2959.
11, 269
List the prime factors of 20640.
2, 3, 5, 43
What are the prime factors of 3651?
3, 1217
What are the prime factors of 8812?
2, 2203
List the prime factors of 796.
2, 199
What are the prime factors of 10732?
2, 2683
List the prime factors of 20758.
2, 97, 107
List the prime factors of 37499.
7, 11, 487
List the prime factors of 5230.
2, 5, 523
List the prime factors of 5232.
2, 3, 109
What are the prime factors of 196?
2, 7
What are the prime factors of 861?
3, 7, 41
What are the prime factors of 1900?
2, 5, 19
What are the prime factors of 3430?
2, 5, 7
What are the prime factors of 4817?
4817
What are the prime factors of 45412?
2, 11353
List the prime factors of 537.
3, 179
What are the prime factors of 547?
547
List the prime factors of 27154.
2, 13577
What are the prime factors of 25080?
2, 3, 5, 11, 19
List the prime factors of 3579.
3, 1193
List the prime factors of 11182.
2, 5591
List the prime factors of 25164.
2, 3, 233
What are the prime factors of 20535?
3, 5, 37
What are the prime factors of 2169?
3, 241
What are the prime factors of 856?
2, 107
What are the prime factors of 11346?
2, 3, 31, 61
List the prime factors of 1238.
2, 619
List the prime factors of 276.
2, 3, 23
What are the prime factors of 1410?
2, 3, 5, 47
List the prime factors of 664.
2, 83
What are the prime factors of 7641?
3, 283
List the prime factors of 43370.
2, 5, 4337
What are the prime factors of 42291?
3, 37, 127
List the prime factors of 3100.
2, 5, 31
What are the prime factors of 11475?
3, 5, 17
What are the prime factors of 60424?
2, 7, 13, 83
What are the prime factors of 949?
13, 73
List the prime factors of 4936.
2, 617
List the prime factors of 578.
2, 17
What are the prime factors of 77219?
37, 2087
What are the prime factors of 14460?
2, 3, 5, 241
What are the prime factors of 130678?
2, 223, 293
What are the prime factors of 17204?
2, 11, 17, 23
List the prime factors of 50234.
2, 25117
What are the prime factors of 35065?
5, 7013
List the prime factors of 304.
2, 19
What are the prime factors of 1048?
2, 131
What are the prime factors of 361?
19
What are the prime factors of 21322?
2, 7, 1523
What are the prime factors of 14022?
2, 3, 19, 41
List the prime factors of 2712.
2, 3, 113
List the prime factors of 2627.
37, 71
What are the prime factors of 501?
3, 167
What are the prime factors of 78022?
2, 7, 5573
What are the prime factors of 4865?
5, 7, 139
List the prime factors of 3359.
3359
List the prime factors of 2450.
2, 5, 7
What are the prime factors of 5257?
7, 751
What are the prime factors of 731?
17, 43
What are the prime factors of 4501?
7, 643
List the prime factors of 482.
2, 241
What are the prime factors of 238?
2, 7, 17
List the prime factors of 168105.
3, 5, 7, 1601
What are the prime factors of 37816?
2, 29, 163
List the prime factors of 886.
2, 443
List the prime factors of 15529.
53, 293
What are the prime factors of 290?
2, 5, 29
List the prime factors of 23919.
3, 7, 17, 67
What are the prime factors of 90316?
2, 67, 337
List the prime factors of 3013.
23, 131
What are the prime factors of 25187?
89, 283
What are the prime factors of 2361?
3, 787
What are the prime factors of 507?
3, 13
What are the prime factors of 60604?
2, 109, 139
List the prime factors of 31944.
2, 3, 11
List the prime factors of 6226.
2, 11, 283
What are the prime factors of 1332?
2, 3, 37
What are the prime factors of 671?
11, 61
List the prime factors of 1540.
2, 5, 7, 11
What are the prime factors of 2528?
2, 79
What are the prime factors of 196?
2, 7
List the prime factors of 81764.
2, 20441
What are the prime factors of 2848?
2, 89
What are the prime factors of 1716?
2, 3, 11, 13
List the prime factors of 219.
3, 73
List the prime factors of 114729.
3, 167, 229
List the prime factors of 12422.
2, 6211
What are the prime factors of 1322?
2, 661
What are the prime factors of 5585?
5, 1117
What are the prime factors of 5547?
3, 43
What are the prime factors of 840?
2, 3, 5, 7
List the prime factors of 14.
2, 7
What are the prime factors of 52096?
2, 11, 37
List the prime factors of 80040.
2, 3, 5, 23, 29
What are the prime factors of 858?
2, 3, 11, 13
What are the prime factors of 37852?
2, 9463
List the prime factors of 25878.
2, 3, 19, 227
List the prime factors of 1044.
2, 3, 29
List the prime factors of 1052.
2, 263
List the prime factors of 8324.
2, 2081
List the prime factors of 6291.
3, 233
List the prime factors of 1806.
2, 3, 7, 43
List the prime factors of 2150.
2, 5, 43
What are the prime factors of 55899?
3, 6211
What are the prime factors of 58302?
2, 3, 41, 79
What are the prime factors of 33756?
2, 3, 29, 97
List the prime factors of 8670.
2, 3, 5, 17
What are the prime factors of 5377?
19, 283
What are the prime factors of 125879?
13, 23, 421
What are the prime factors of 19898?
2, 9949
What are the prime factors of 15919?
15919
List the prime factors of 8062.
2, 29, 139
List the prime factors of 2816.
2, 11
List the prime factors of 4680.
2, 3, 5, 13
List the prime factors of 2086.
2, 7, 149
List the prime factors of 50102.
2, 13, 41, 47
List the prime factors of 35110.
2, 5, 3511
What are the prime factors of 37229?
59, 631
What are the prime factors of 3813?
3, 31, 41
List the prime factors of 2119.
13, 163
List the prime factors of 12009.
3, 4003
What are the prime factors of 25?
5
What are the prime factors of 15839?
47, 337
List the prime factors of 12122.
2, 11, 19, 29
What are the prime factors of 67411?
67411
List the prime factors of 4340.
2, 5, 7, 31
What are the prime factors of 2084?
2, 521
List the prime factors of 556.
2, 139
List the prime factors of 78581.
179, 439
What are the prime factors of 8975?
5, 359
List the prime factors of 834.
2, 3, 139
What are the prime factors of 135627?
3, 53, 853
What are the prime factors of 129703?
7, 2647
List the prime factors of 6179.
37, 167
What are the prime factors of 6677?
11, 607
List the prime factors of 21158.
2, 71, 149
What are the prime factors of 2694?
2, 3, 449
What are the prime factors of 1246?
2, 7, 89
List the prime factors of 697.
17, 41
What are the prime factors of 18725?
5, 7, 107
List the prime factors of 4151.
7, 593
What are the prime factors of 27692?
2, 7, 23, 43
What are the prime factors of 2140?
2, 5, 107
What are the prime factors of 149044?
2, 7, 5323
What are the prime factors of 52?
2, 13
What are the prime factors of 32706?
2, 3, 23, 79
List the prime factors of 14210.
2, 5, 7, 29
List the prime factors of 1114.
2, 557
What are the prime factors of 1800?
2, 3, 5
What are the prime factors of 857?
857
What are the prime factors of 3960?
2, 3, 5, 11
What are the prime factors of 1193?
1193
What are the prime factors of 34452?
2, 3, 11, 29
What are the prime factors of 1415?
5, 283
List the prime factors of 